of m and 51.
17
Suppose -2*j + 3*x + 23 = -7*j, -4*x = -16. Let f = -14 + 25. Let q = j + f. What is the highest common factor of 16 and q?
4
Let y be ((-5)/10)/((-2)/132). What is the greatest common divisor of 22 and y?
11
Let c be 4/(-7) - (-668580)/(-105). Let s be c/(-48) - 2/(-6). Calculate the highest common divisor of s and 19.
19
Suppose 0 = m + 5*t - 162, -t = -0*m + m - 154. What is the greatest common divisor of m and 19?
19
Let o be (-93)/((-9)/(-3))*-2. Let x = o - 41. Calculate the highest common factor of 189 and x.
21
Let n be -2*(-555)/35 + (-4)/(-14). Calculate the greatest common factor of n and 4.
4
Let h be (248/24)/(1/3). Calculate the greatest common factor of 248 and h.
31
Suppose 2*f + 5*z - 40 = 0, f + 2*f = -z + 47. Calculate the greatest common divisor of f and 105.
15
Suppose -13 = 2*i - m, 2*i + 2*m + 2*m - 2 = 0. Let j(o) = -o**2 - 5*o + 12. Let c be j(i). What is the greatest common divisor of 36 and c?
12
Suppose -2*u - 6 = -2*v, 0*u + 18 = v + 4*u. Let p be 1/(-5) + 31/5. Suppose -s - s + p = 0. What is the greatest common divisor of v and s?
3
Suppose 5*p - 2*s - 23 = 0, -2*p + 0*s = -3*s - 7. Suppose -p*k - 72 + 192 = 0. Calculate the greatest common divisor of k and 16.
8
Let t(p) = -p**3 - 2*p**2 + 5*p + 4. Let w be t(-3). Let r = w + 16. Calculate the greatest common factor of 154 and r.
14
Suppose -h = -m + 15, 0 = 3*h + m - 6*m + 55. Let s be (-2 + 2)/(-3) + h. Let v be (-8)/s*(-5 - -10). What is the greatest common divisor of v and 6?
2
Let n be (-1360)/(-45) + 4/(-18). Calculate the greatest common factor of 12 and n.
6
Suppose -3*b - 2*h + 25 = 0, b = 2*b - 4*h + 1. Let m = b + -5. Suppose m*u - 3*u = -2. What is the greatest common factor of u and 8?
2
Let w be 1/4 - 4389/(-12). Let a = w - 14. Suppose -2*p + a = 2*p. Calculate the highest common factor of 11 and p.
11
Let h(p) = -p**2 + 13*p - 4. Let k be h(12). Calculate the greatest common factor of 8 and k.
8
Let z = -3 + 15. Suppose -2*y - 4*p + 87 = -89, 0 = 4*y + p - 338. Calculate the highest common factor of y and z.
12
Let y be 80/15*135/12. Calculate the greatest common factor of 40 and y.
20
Let x(g) = 14 - 2 - 2*g + 3*g. Let b be x(0). What is the greatest common divisor of b and 132?
12
Let j(k) = k**3 + 17*k**2 + 12*k - 1. Let n be j(-16). What is the greatest common factor of 9 and n?
9
Let i(l) = -12*l**3 + 2*l**2 + 2*l + 1. Suppose -3*o = -4 + 7. Let p be i(o). Suppose 2*y + 1 = p. Calculate the highest common divisor of y and 3.
3
Suppose 0 = 3*i - 2*i - 5. Suppose 5*y - 25 = 5*p, 0*p = i*y + 2*p - 18. What is the greatest common divisor of y and 20?
4
Let h(u) = u**3 - u**2 - u + 54. Let t be h(0). Let g = 81 - t. Suppose -12*c + 20*c = 144. Calculate the greatest common divisor of g and c.
9
Let g = -23 - -35. Suppose -4*p + 6*p - g = 0. What is the highest common divisor of p and 6?
6
Let h = -4 + 12. Suppose -5*s = -s - 24. Suppose -s*z = -z - 4*t - 456, -3*z - 2*t + 256 = 0. What is the greatest common divisor of z and h?
8
Suppose 3*w = 26 + 7. What is the highest common divisor of w and 33?
11
Let a = -10 + 30. Calculate the greatest common divisor of 2 and a.
2
Let i be ((-84)/20 + 3)*-2*10. Calculate the greatest common factor of i and 6.
6
Let k(j) = -j**3 - 4*j**2 - 4. Let t be k(-5). What is the greatest common factor of 7 and t?
7
Let z = -22 - -39. Suppose -5*t + 3 = -z. Calculate the highest common divisor of t and 44.
4
Let j be (-6)/24 + (1762/8)/1. Calculate the highest common divisor of 20 and j.
20
Let r be (-10)/(-60) - (173/(-6) + 2). Suppose 1080 = 3*o + 2*o. Calculate the greatest common divisor of r and o.
27
Let f be -3 + 0/(-3) - -59. Calculate the highest common factor of f and 7.
7
Suppose 5*b = -0*b. Suppose 3*h - 15 = 3*i, b*i - 5*i - 19 = -2*h. What is the greatest common divisor of h and 18?
2
Let y be (7/(-4))/((-1)/4). Suppose -5*z + z + 60 = 0. Let u(f) = 3*f - 31. Let b be u(z). Calculate the greatest common factor of y and b.
7
Let y(u) = u**3 + 8*u**2 + 7*u + 5. Let j be y(-5). What is the highest common divisor of 75 and j?
15
Let y be (-5 + 11)/2 + 2. What is the highest common factor of y and 80?
5
Let s(g) = -10*g + 2*g**2 + 13 - 1 - 3. Let l be s(6). What is the greatest common factor of l and 189?
21
Suppose -6*s + 52 = 7*s. Calculate the greatest common factor of 1 and s.
1
Let p = -157 + 172. Suppose t = -5*c + 30, 0 = -3*c - 2 - 7. What is the greatest common factor of t and p?
15
Let h = 10 + 6. Let j(d) = -9*d**2 + 6 - 2 - 3*d**3 + d**3. Let u be j(-6). What is the greatest common divisor of h and u?
16
Let z(r) = -3*r + 5. Let g be z(0). Suppose 2*t = -2*t + 4. What is the highest common factor of t and g?
1
Let s be 5 + 0/(2 + 1). Suppose 4*u + s*t = 16, -4 = 2*t - t. Let v = 2 - -70. What is the highest common factor of u and v?
9
Suppose -96 = -6*w + 234. What is the highest common divisor of 5 and w?
5
Let f(d) = -d**3 - 6*d**2 - 5*d - 15. Let h be f(-7). Calculate the highest common divisor of h and 46.
23
Let s(t) = -11*t + 6*t - 2*t + 3. Suppose 0 = 3*q + 12 - 3. Let y be s(q). What is the greatest common divisor of y and 3?
3
Let m(f) = 12*f**2. Let a be m(1). What is the highest common factor of a and 96?
12
Let i be (-3)/(-9) + 2/3. Let p = i + 0. Suppose 0 = -a - 0*a + p. What is the greatest common factor of a and 5?
1
Let u be (-3 - -4)*-3 - 3. Let t = 13 + u. Calculate the highest common factor of t and 35.
7
Let c = 21 - -1. What is the highest common factor of c and 22?
22
Let u = -17 + 22. Suppose u*d + 2*t - 75 = 0, -4*t = d + d - 30. Calculate the highest common divisor of 5 and d.
5
Suppose 5*b + 4*m - 114 = 0, b - 2*b + 21 = -m. What is the highest common divisor of b and 110?
22
Suppose 89 = 5*i - 21. What is the greatest common factor of i and 2?
2
Let j(u) = u + 14. Let g be j(-11). Suppose 71 = g*p - 13. What is the greatest common factor of p and 4?
4
Suppose -3*w = 5*q - 244, 3*q - 248 = -3*w - q. Let s(o) = o**3 + o**2 - 3*o + 2. Let f be s(2). What is the greatest common divisor of w and f?
8
Suppose -g + 210 = 4*g. Calculate the greatest common divisor of g and 28.
14
Let r = 94 - 34. What is the highest common divisor of 45 and r?
15
Let q(r) = -2*r - 12. Let u be q(-8). What is the highest common factor of u and 4?
4
Let t(l) = 16*l**2 + 4*l - 2. Let w be t(3). Calculate the highest common divisor of 14 and w.
14
Let t = 59 + -45. Calculate the greatest common factor of t and 126.
14
Suppose 11*z = 18*z - 84. Calculate the greatest common factor of 3 and z.
3
Suppose 5*z = 3*j + 104, -12 = -5*j - 2. Suppose -q - 161 = -5*q - i, -i - 85 = -2*q. Let u = z + q. Calculate the greatest common factor of 9 and u.
9
Suppose 0 = 4*p - 11 + 3. Let c be (7 - 1)*21/9. What is the greatest common factor of c and p?
2
Let p(w) = -w**3 - 12*w**2 - 12*w - 7. Let q be p(-11). Let z be 2 - (-2*5 + 0). What is the greatest common factor of q and z?
4
Let s(d) = 2 + 2*d + d**2 - 2. Let l be s(-5). Let b be 6/4*30*1. What is the greatest common divisor of b and l?
15
Suppose 5*g = g + 12, 0 = -4*x - 3*g + 13. Calculate the greatest common factor of 2 and x.
1
Let f be 4 - (3/4)/(12/48). What is the highest common divisor of 7 and f?
1
Let j be (6/4)/((-3)/1160*-5). Calculate the highest common divisor of j and 290.
58
Suppose -4*b + 14 = -2. Suppose z - 5*z + 24 = 0. Calculate the greatest common factor of b and z.
2
Let u = 7 - 11. Let p(m) = -m**3 + m - 2. Let x be p(u). Let n = 85 - x. Calculate the greatest common divisor of 9 and n.
9
Suppose 0 = h + 2*t - 4, -h + 3*t - 1 = -2*h. What is the highest common factor of 90 and h?
10
Let n = 4 + -1. Suppose n*l = 4 + 2. Calculate the greatest common factor of 6 and l.
2
Let w be 9*(-3)/((-27)/(-3)). Let k be 8/((12/(-50))/w). Calculate the greatest common factor of 10 and k.
10
Let k be (-33)/(-6) + (-3)/2. Suppose 3 = k*x - 3*x. Let y be (8/(-3))/(x/(-27)). What is the highest common factor of 60 and y?
12
Suppose -125 = -y - 4*y + 5*s, 3*y - 96 = -4*s. Suppose -3 - 11 = -2*g. What is the highest common factor of g and y?
7
Let w be 2 + (-1 - -2) - 3. Suppose 3*n = w, 0*n = 5*h - 4*n - 50. What is the greatest common factor of h and 80?
10
Let d(x) = x + 5. Let s be d(6). Let y be (1 - 6/(-4))/((-10)/(-4)). Calcu